{"id":6357,"date":"2023-10-10T12:54:38","date_gmt":"2023-10-10T09:54:38","guid":{"rendered":"https:\/\/spital-obregia.ro\/?page_id=6357"},"modified":"2023-10-12T12:18:53","modified_gmt":"2023-10-12T09:18:53","slug":"mintile-noastre-drepturile-noastre","status":"publish","type":"page","link":"https:\/\/spital-obregia.ro\/arhiva\/mintile-noastre-drepturile-noastre\/","title":{"rendered":"Min\u021bile noastre, drepturile noastre"},"content":{"rendered":"\n<figure class=\"wp-block-image size-full\"><a href=\"https:\/\/spital-obregia.ro\/arhiva\/wp-content\/uploads\/2023\/10\/wmhd23-web-banner-1.tmb-1920v.jpg\"><img loading=\"lazy\" decoding=\"async\" width=\"1920\" height=\"743\" src=\"https:\/\/spital-obregia.ro\/arhiva\/wp-content\/uploads\/2023\/10\/wmhd23-web-banner-1.tmb-1920v.jpg\" alt=\"\" class=\"wp-image-6356\" style=\"object-fit:cover\" srcset=\"https:\/\/spital-obregia.ro\/arhiva\/wp-content\/uploads\/2023\/10\/wmhd23-web-banner-1.tmb-1920v.jpg 1920w, https:\/\/spital-obregia.ro\/arhiva\/wp-content\/uploads\/2023\/10\/wmhd23-web-banner-1.tmb-1920v-300x116.jpg 300w, https:\/\/spital-obregia.ro\/arhiva\/wp-content\/uploads\/2023\/10\/wmhd23-web-banner-1.tmb-1920v-1024x396.jpg 1024w, https:\/\/spital-obregia.ro\/arhiva\/wp-content\/uploads\/2023\/10\/wmhd23-web-banner-1.tmb-1920v-768x297.jpg 768w, https:\/\/spital-obregia.ro\/arhiva\/wp-content\/uploads\/2023\/10\/wmhd23-web-banner-1.tmb-1920v-1536x594.jpg 1536w\" sizes=\"auto, (max-width: 1920px) 100vw, 1920px\" \/><\/a><figcaption class=\"wp-element-caption\"><em>Sursa foto: <a href=\"https:\/\/www.who.int\/campaigns\/world-mental-health-day\/2023\" target=\"_blank\" rel=\"noreferrer noopener\">Organiza\u021bia Mondial\u0103 a S\u0103n\u0103t\u0103\u021bii<\/a><\/em><\/figcaption><\/figure>\n\n\n\n<p><strong>Ziua Mondial\u0103 a S\u0103n\u0103t\u0103\u021bii Mintale 2023<\/strong> este o oportunitate pentru oameni \u0219i comunit\u0103\u021bi de a se uni \u00een spatele temei \u201eS\u0103n\u0103tatea mintal\u0103 este un drept universal al omului\u201d pentru a \u00eembun\u0103t\u0103\u021bi cuno\u0219tin\u021bele, a cre\u0219te gradul de con\u0219tientizare \u0219i a conduce ac\u021biuni care promoveaz\u0103 \u0219i protejeaz\u0103 s\u0103n\u0103tatea mintal\u0103 a tuturor ca drept uman universal.<\/p>\n\n\n\n<p>S\u0103n\u0103tatea mintal\u0103 este un drept fundamental al tuturor oamenilor. Toat\u0103 lumea, oricine \u0219i oriunde s-ar afla, are dreptul la cel mai \u00eenalt standard posibil de s\u0103n\u0103tate mintal\u0103. Aceasta include dreptul de a fi protejat de riscurile pentru s\u0103n\u0103tatea mintal\u0103, dreptul la \u00eengrijire disponibil\u0103, accesibil\u0103, acceptabil\u0103 \u0219i de bun\u0103 calitate \u0219i dreptul la libertate, independen\u021b\u0103 \u0219i incluziune \u00een comunitate.<\/p>\n\n\n\n<p>O s\u0103n\u0103tate mintal\u0103 bun\u0103 este vital\u0103 pentru s\u0103n\u0103tatea \u0219i bun\u0103starea noastr\u0103 general\u0103. Cu toate acestea, una din opt persoane la nivel global tr\u0103ie\u0219te cu afec\u021biuni de s\u0103n\u0103tate mintal\u0103, care le pot afecta s\u0103n\u0103tatea fizic\u0103, bun\u0103starea, modul \u00een care se conecteaz\u0103 cu ceilal\u021bi \u0219i mijloacele lor de existen\u021b\u0103. Condi\u021biile de s\u0103n\u0103tate mintal\u0103 afecteaz\u0103, de asemenea, un num\u0103r tot mai mare de adolescen\u021bi \u0219i tineri.<\/p>\n\n\n\n<p>A avea o afec\u021biune mintal\u0103 nu ar trebui s\u0103 fie niciodat\u0103 un motiv pentru a priva o persoan\u0103 de drepturile sale umane sau pentru a o exclude de la deciziile privind propria s\u0103n\u0103tate. Cu toate acestea, \u00een \u00eentreaga lume, persoanele cu probleme de s\u0103n\u0103tate mintal\u0103 continu\u0103 s\u0103 se confrunte cu o gam\u0103 larg\u0103 de \u00eenc\u0103lc\u0103ri ale drepturilor omului. Mul\u021bi sunt exclu\u0219i din via\u021ba comunit\u0103\u021bii \u0219i discrimina\u021bi, \u00een timp ce mul\u021bi al\u021bii nu pot avea acces la \u00eengrijirea de s\u0103n\u0103tate mintal\u0103 de care au nevoie sau pot accesa doar \u00eengrijiri care le \u00eencalc\u0103 drepturile omului.<\/p>\n\n\n\n<p>Organiza\u021bia Mondial\u0103 a S\u0103n\u0103t\u0103\u021bii continu\u0103 s\u0103 lucreze cu partenerii s\u0103i pentru a se asigura c\u0103 s\u0103n\u0103tatea mintal\u0103 este apreciat\u0103, promovat\u0103 \u0219i protejat\u0103 \u0219i c\u0103 se iau m\u0103suri urgente pentru ca toat\u0103 lumea s\u0103 \u00ee\u0219i poat\u0103 exercita drepturile omului \u0219i s\u0103 aib\u0103 acces la \u00eengrijirea de s\u0103n\u0103tate mintal\u0103 de calitate de care are nevoie. Al\u0103tura\u021bi-v\u0103 campaniei Ziua Mondial\u0103 a S\u0103n\u0103t\u0103\u021bii Mintale 2023 pentru a afla mai multe despre dreptul dumneavoastr\u0103 de baz\u0103 la s\u0103n\u0103tatea mintal\u0103, precum \u0219i despre cum s\u0103 proteja\u021bi drepturile altora. <\/p>\n\n\n\n<p><a href=\"https:\/\/www.who.int\/campaigns\/world-mental-health-day\/2023\"><strong>https:\/\/www.who.int\/campaigns\/world-mental-health-day\/2023<\/strong><\/a><\/p>\n","protected":false},"excerpt":{"rendered":"<p>Ziua Mondial\u0103 a S\u0103n\u0103t\u0103\u021bii Mintale 2023 este o oportunitate pentru oameni \u0219i comunit\u0103\u021bi de a se uni \u00een spatele temei \u201eS\u0103n\u0103tatea mintal\u0103 este un drept universal al omului\u201d pentru a \u00eembun\u0103t\u0103\u021bi cuno\u0219tin\u021bele, a cre\u0219te gradul de con\u0219tientizare \u0219i a conduce ac\u021biuni care promoveaz\u0103 \u0219i protejeaz\u0103 s\u0103n\u0103tatea mintal\u0103 a tuturor ca drept uman universal. S\u0103n\u0103tatea mintal\u0103 [&hellip;]<\/p>\n","protected":false},"author":2,"featured_media":6356,"parent":0,"menu_order":0,"comment_status":"closed","ping_status":"closed","template":"","meta":{"_lmt_disableupdate":"","_lmt_disable":"yes","footnotes":""},"class_list":["post-6357","page","type-page","status-publish","has-post-thumbnail","hentry"],"blocksy_meta":[],"featured_image_src":"https:\/\/spital-obregia.ro\/arhiva\/wp-content\/uploads\/2023\/10\/wmhd23-web-banner-1.tmb-1920v.jpg","jetpack_sharing_enabled":true,"_links":{"self":[{"href":"https:\/\/spital-obregia.ro\/arhiva\/wp-json\/wp\/v2\/pages\/6357","targetHints":{"allow":["GET"]}}],"collection":[{"href":"https:\/\/spital-obregia.ro\/arhiva\/wp-json\/wp\/v2\/pages"}],"about":[{"href":"https:\/\/spital-obregia.ro\/arhiva\/wp-json\/wp\/v2\/types\/page"}],"author":[{"embeddable":true,"href":"https:\/\/spital-obregia.ro\/arhiva\/wp-json\/wp\/v2\/users\/2"}],"replies":[{"embeddable":true,"href":"https:\/\/spital-obregia.ro\/arhiva\/wp-json\/wp\/v2\/comments?post=6357"}],"version-history":[{"count":0,"href":"https:\/\/spital-obregia.ro\/arhiva\/wp-json\/wp\/v2\/pages\/6357\/revisions"}],"wp:featuredmedia":[{"embeddable":true,"href":"https:\/\/spital-obregia.ro\/arhiva\/wp-json\/wp\/v2\/media\/6356"}],"wp:attachment":[{"href":"https:\/\/spital-obregia.ro\/arhiva\/wp-json\/wp\/v2\/media?parent=6357"}],"curies":[{"name":"wp","href":"https:\/\/api.w.org\/{rel}","templated":true}]}}