{"id":5673,"date":"2023-02-13T15:34:38","date_gmt":"2023-02-13T13:34:38","guid":{"rendered":"https:\/\/spital-obregia.ro\/?page_id=5673"},"modified":"2023-09-14T08:37:47","modified_gmt":"2023-09-14T05:37:47","slug":"analize-medicale-gratuite","status":"publish","type":"page","link":"https:\/\/spital-obregia.ro\/arhiva\/analize-medicale-gratuite\/","title":{"rendered":"ANALIZE MEDICALE GRATUITE"},"content":{"rendered":"\n<p><strong>pe baza biletelor de trimitere de la medicii prescriptori afla\u021bi \u00een rela\u021bie contractual\u0103 cu Casele de asigur\u0103ri de s\u0103n\u0103tate (CAS\/OPSNAJ)<\/strong><\/p>\n\n\n\n<p>Spitalul Clinic de Psihiatrie \u201cProf. Dr. Al. Obregia\u201d, prin Laboratorul de Analize Medicale (acreditat RENAR \u0219i aflat \u00een contract cu CASMB) recolteaz\u0103 \u0219i prelucreaz\u0103 <strong>analize medicale GRATUITE<\/strong>, <strong>pe baza biletului de trimitere<\/strong> de la medicul de familie sau medicul specialist (aflat \u00een contract cu CAS\/ OPSNAJ din Bucure\u0219ti sau din celelalte jude\u021be din \u021bar\u0103) \u0219i a <strong>cardului de s\u0103n\u0103tate, <\/strong>\u00een baza unei program\u0103ri prealabile.<\/p>\n\n\n\n<p>De asemenea, Laboratorul de Analize Medicale pune la dispozi\u021bia persoanelor interesate o gam\u0103 complex\u0103 de investiga\u021bii de laborator, care pot fi efectuate \u0219i contra-cost, conform listei de pre\u021buri anexate.<\/p>\n\n\n\n<p><strong><span style=\"text-decoration: underline;\">PROGRAM\u0102RI TELEFONICE<\/span><\/strong><\/p>\n\n\n\n<p><strong>Luni -Vineri <\/strong>\u00eentre orele<strong> 07.30 &#8211; 20.00, <\/strong>la nr. telefon<strong> 0770 418 551<\/strong><\/p>\n\n\n\n<p><strong>PROGRAM RECOLT\u0102RI: Luni -Vineri, <\/strong>\u00eentre orele <strong>07.30-11.00<\/strong><\/p>\n\n\n\n<p><strong>ELIBERARE REZULTATE<\/strong>: <strong>Luni -Vineri, <\/strong>\u00eentre orele <strong>12.30-20.00<\/strong><\/p>\n\n\n\n<p>Recoltarea probelor de s\u00e2nge se realizeaz\u0103 diminea\u021ba, pe nem\u00e2ncate, \u00eenainte de ingestia oric\u0103rui aliment solid sau lichid (altul dec\u00e2t ap\u0103 plat\u0103 sau de la robinet); o cantitate c\u00e2t de mic\u0103 de alimente, cafea sau suc poate duce la modific\u0103ri semnificative pentru marea majoritate a anali\u021bilor.<\/p>\n\n\n\n<p>&nbsp;Recomand\u0103ri:<\/p>\n\n\n\n<ol class=\"wp-block-list\" type=\"a\">\n<li>cu o sear\u0103 \u00eenainte de recoltarea analizelor, ultima masa nu trebuie s\u0103 dep\u0103\u0219easc\u0103 ora 19.00 \u0219i este bine s\u0103 fie c\u00e2t mai u\u0219oar\u0103 (f\u0103r\u0103 m\u00e2nc\u0103ruri \u201egrele\u201d, cu sos, gr\u0103simi, pr\u0103jeli, dulciuri concentrate, etc). P\u00e2n\u0103 la recoltare poate fi ingerat\u0103 ap\u0103 plat\u0103 sau de la robinet;<\/li>\n\n\n\n<li>dac\u0103 urma\u021bi un tratament medicamentos de mai mult timp (inclusiv vitamine sau energizante) informa\u021bi acest fapt personalului medical care recolteaz\u0103 analizele; \u00een situa\u021biile \u00een care nu poate fi evitat\u0103 luarea unui medicament \u00eenainte de recoltarea s\u00e2ngelui, acest lucru trebuie adus la cuno\u0219tin\u021b\u0103 personalului de la laborator;<\/li>\n\n\n\n<li>\u00een cazul \u00een care este necesar\u0103 analiza unor probe biologice (altele dec\u00e2t s\u00e2nge) ob\u021binute prin autorecoltare, v\u0103 rug\u0103m s\u0103 respecta\u021bi indica\u021biile primite de la personalul de laborator.<\/li>\n<\/ol>\n\n\n\n<p><strong><em>Nerespectarea recomand\u0103rilor poate duce la modificarea \u201cclarit\u0103\u021bii\u201d serului\/plasmei sau a concentra\u021biei unor anali\u021bi, cu foarte mari erori ale rezultatelor.<\/em><\/strong><\/p>\n\n\n\n<div data-wp-interactive=\"core\/file\" class=\"wp-block-file\"><object data-wp-bind--hidden=\"!state.hasPdfPreview\" hidden class=\"wp-block-file__embed\" data=\"https:\/\/spital-obregia.ro\/arhiva\/wp-content\/uploads\/2023\/09\/Laborator-TARIFE-INVESTIGATII-MEDICALE-CU-PLATA-092023.pdf\" type=\"application\/pdf\" style=\"width:100%;height:600px\" aria-label=\"\u00cenglobare pentru TARIFE LABORATOR.\"><\/object><a id=\"wp-block-file--media-2836a5eb-0a11-41a8-be53-ac14e5abb4e5\" href=\"https:\/\/spital-obregia.ro\/arhiva\/wp-content\/uploads\/2023\/09\/Laborator-TARIFE-INVESTIGATII-MEDICALE-CU-PLATA-092023.pdf\">TARIFE LABORATOR<\/a><a href=\"https:\/\/spital-obregia.ro\/arhiva\/wp-content\/uploads\/2023\/09\/Laborator-TARIFE-INVESTIGATII-MEDICALE-CU-PLATA-092023.pdf\" class=\"wp-block-file__button wp-element-button\" download aria-describedby=\"wp-block-file--media-2836a5eb-0a11-41a8-be53-ac14e5abb4e5\"><strong>Descarc\u0103<\/strong><\/a><\/div>\n","protected":false},"excerpt":{"rendered":"<p>pe baza biletelor de trimitere de la medicii prescriptori afla\u021bi \u00een rela\u021bie contractual\u0103 cu Casele de asigur\u0103ri de s\u0103n\u0103tate (CAS\/OPSNAJ) Spitalul Clinic de Psihiatrie \u201cProf. Dr. Al. Obregia\u201d, prin Laboratorul de Analize Medicale (acreditat RENAR \u0219i aflat \u00een contract cu CASMB) recolteaz\u0103 \u0219i prelucreaz\u0103 analize medicale GRATUITE, pe baza biletului de trimitere de la medicul [&hellip;]<\/p>\n","protected":false},"author":2,"featured_media":0,"parent":0,"menu_order":0,"comment_status":"closed","ping_status":"closed","template":"","meta":{"_lmt_disableupdate":"no","_lmt_disable":"","footnotes":""},"class_list":["post-5673","page","type-page","status-publish","hentry"],"blocksy_meta":{"styles_descriptor":{"styles":{"desktop":"","tablet":"","mobile":""},"google_fonts":[],"version":6}},"featured_image_src":null,"jetpack_sharing_enabled":true,"_links":{"self":[{"href":"https:\/\/spital-obregia.ro\/arhiva\/wp-json\/wp\/v2\/pages\/5673","targetHints":{"allow":["GET"]}}],"collection":[{"href":"https:\/\/spital-obregia.ro\/arhiva\/wp-json\/wp\/v2\/pages"}],"about":[{"href":"https:\/\/spital-obregia.ro\/arhiva\/wp-json\/wp\/v2\/types\/page"}],"author":[{"embeddable":true,"href":"https:\/\/spital-obregia.ro\/arhiva\/wp-json\/wp\/v2\/users\/2"}],"replies":[{"embeddable":true,"href":"https:\/\/spital-obregia.ro\/arhiva\/wp-json\/wp\/v2\/comments?post=5673"}],"version-history":[{"count":0,"href":"https:\/\/spital-obregia.ro\/arhiva\/wp-json\/wp\/v2\/pages\/5673\/revisions"}],"wp:attachment":[{"href":"https:\/\/spital-obregia.ro\/arhiva\/wp-json\/wp\/v2\/media?parent=5673"}],"curies":[{"name":"wp","href":"https:\/\/api.w.org\/{rel}","templated":true}]}}