{"id":4024,"date":"2021-11-20T12:39:54","date_gmt":"2021-11-20T10:39:54","guid":{"rendered":"https:\/\/spital-obregia.ro\/?page_id=4024"},"modified":"2022-07-05T17:15:10","modified_gmt":"2022-07-05T14:15:10","slug":"cardul-national-de-asigurari-sociale-de-sanatate","status":"publish","type":"page","link":"https:\/\/spital-obregia.ro\/arhiva\/cardul-national-de-asigurari-sociale-de-sanatate\/","title":{"rendered":"Cardul na\u0163ional de asigur\u0103ri sociale de s\u0103n\u0103tate"},"content":{"rendered":"\n<p><strong>Ce este cardul na\u0163ional de s\u0103n\u0103tate?<\/strong><\/p>\n\n\n\n<p>Cardul de s\u0103n\u0103tate CEAS este un proiect de interes na\u0163ional care are ca scop principal transparentizarea \u015fi eficientizarea fondurilor utilizate \u00een sistemul de asigur\u0103ri sociale de s\u0103n\u0103tate.<\/p>\n\n\n\n<p>Cardul na\u0163ional de s\u0103n\u0103tate este codul de acces pentru toate sistemele informatice ale CNAS.<\/p>\n\n\n\n<p>El va deveni instrumentul de confirmare a prest\u0103rii tuturor serviciilor din sistem (PIAS).<\/p>\n\n\n\n<p><strong>Ce con\u0163ine cardul?<\/strong><\/p>\n\n\n\n<p>Cardul na\u0163ional de s\u0103n\u0103tate primit de asigurat con\u0163ine doar datele de identificare ale asiguratului.<\/p>\n\n\n\n<p>Pe card \u015fi \u00een memoria electronic\u0103 a cardului sunt imprimate urm\u0103toarele informa\u0163ii:<\/p>\n\n\n\n<ul class=\"wp-block-list\"><li>Numele \u015fi prenumele asiguratului<\/li><li>Codul unic de identificare \u00een sistemul de asigur\u0103ri sociale de s\u0103n\u0103tate<\/li><li>Num\u0103rul de identificare al cardului na\u0163ional de asigur\u0103ri sociale de s\u0103n\u0103tate (CID)<\/li><li>Data na\u015fterii<\/li><li>Termenul de valabilitate al cardului (5 ani)<\/li><\/ul>\n\n\n\n<p>Doar la cererea asiguratului, medicul de familie poate inscrip\u0163iona pe cardul de s\u0103n\u0103tate date medicale.<\/p>\n\n\n\n<p><strong>Cine intr\u0103 \u00een posesia cardului na\u0163ional de s\u0103n\u0103tate?<\/strong><\/p>\n\n\n\n<p>Persoanele asigurate cu v\u00e2rsta de peste 18 ani vor primi cardul na\u0163ional de s\u0103n\u0103tate.<\/p>\n\n\n\n<p>Copiii cu v\u00e2rsta de p\u00e2n\u0103 la 18 ani beneficiaz\u0103 de servicii medicale gratuite conform legii.<\/p>\n\n\n\n<p><strong>Cum intri \u00een posesia cardului na\u0163ional de s\u0103n\u0103tate?<\/strong><\/p>\n\n\n\n<p>\u00cen data de 19 septembrie 2014 a \u00eenceput procesul de distribuire a cardului na\u0163ional de s\u0103n\u0103tate, care se realizeaz\u0103 dup\u0103 graficul stabilit \u00een contractul-cadru \u015fi \u00een contractele subsecvente \u00eencheiate de CNAS \u015fi casele de asigur\u0103ri cu CN Po\u015fta Rom\u00e2n\u0103.<\/p>\n\n\n\n<p>Cardul este distribuit personal de c\u0103tre factorul po\u015ftal \u00een baza unui act de identitate \u015fi a semn\u0103turii de primire. Po\u015fta\u015ful face cel pu\u0163in dou\u0103 vizite la domiciliul asiguratului \u015fi, \u00een cazul \u00een care acesta nu va fi g\u0103sit acas\u0103, \u00eei va l\u0103sa un aviz po\u015ftal pe care va fi men\u0163ionat\u0103 perioada \u00een care asiguratul poate s\u0103 ridice cardul de la oficiul po\u015ftal.<\/p>\n\n\n\n<p>P\u00e2n\u0103 \u00een prezent, peste 14 milioane de asigura\u0163i au intrat \u00een posesia cardului de s\u0103n\u0103tate prin intermediul serviciilor po\u015ftale. Aproximativ 400.000 de asigura\u0163i vor primi cardul de la sediul casei de asigur\u0103ri \u00een eviden\u0163a c\u0103reia se afl\u0103, sau prin intermediul medicului de familie.<\/p>\n\n\n\n<p>Procesul de tip\u0103rire \u015fi distribuire a cardului na\u0163ional de s\u0103n\u0103tate va continua pentru persoanele care \u00eemplinesc v\u00e2rsta de 18 ani \u015fi\/sau dob\u00e2ndesc calitatea de asigurat ulterior momentului distribuirii ini\u0163iale.<\/p>\n\n\n\n<p><strong>Cum activezi cardul de s\u0103n\u0103tate?<\/strong><\/p>\n\n\n\n<p>Activarea cardului de s\u0103n\u0103tate se va face la orice furnizor de servicii medicale (cabinet de medicin\u0103 primar\u0103, spital, ambulatoriu, laborator) la care asiguratul va apela prima dat\u0103 dup\u0103 primirea cardului. Nu este necesar ca asiguratul s\u0103 mearg\u0103 special la medic pentru activarea cardului.<\/p>\n\n\n\n<p>Opera\u0163iunea de activare dureaz\u0103 maxim 30 de secunde \u015fi const\u0103 \u00een \u00eenlocuirea codului pin ini\u0163ial al cardului (000) cu un cod pin din patru cifre ales de asigurat, pe care acesta nu trebuie s\u0103 \u00eel divulge. Codul pin r\u0103m\u00e2ne \u00een proprietatea asiguratului, la fel ca \u015fi cel de la cardul bancar.<br>Pana in prezent au fost activate in sistem peste 6,2 milioane carduri nationale de asigurari de sanatate<\/p>\n\n\n\n<p><strong>Cum utilizezi cardul de sanatate?<\/strong><\/p>\n\n\n\n<p>Odat\u0103 activat, cardul de s\u0103n\u0103tate va fi prezentat ori de c\u00e2te ori asiguratul apeleaz\u0103 la furnizorii afla\u0163i \u00een contract cu casa de asigur\u0103ri de s\u0103n\u0103tate pentru servicii medicale sau farmaceutice.<\/p>\n\n\n\n<p>Furnizorul va introduce cardul \u00een cititor, iar asiguratul va tasta codul pin.<\/p>\n\n\n\n<p>Utilizarea cardului reprezint\u0103 dovada c\u0103 asiguratul a fost prezent la furnizorul de servicii medicale. \u00cen acest fel se valideaz\u0103 serviciul de care a beneficiat, \u00een vederea decont\u0103rii din fondul de asigur\u0103ri sociale de s\u0103n\u0103tate.<\/p>\n\n\n\n<p>Pentru serviciile medicale de urgen\u0163\u0103 nu este necesar\u0103 utilizarea cardului de s\u0103n\u0103tate. Aceste servicii fac parte din pachetul minim de servicii medicale, care se acord\u0103 at\u00e2t persoanelor asigurate c\u00e2t \u015fi celor neasigurate.<\/p>\n\n\n\n<p><strong>Ce facem \u00een situa\u0163ia \u00een care cardul de s\u0103n\u0103tate se blocheaz\u0103?<\/strong><\/p>\n\n\n\n<p>Dac\u0103 asiguratul tasteaz\u0103 gre\u015fit, de cinci ori consecutiv, codul pin al cardului de s\u0103n\u0103tate, acesta se blocheaz\u0103.<\/p>\n\n\n\n<p>\u00cen aceast\u0103 situa\u0163ie, medicul va telefona la num\u0103rul de helpdesk 021.202.6995, unde se aloc\u0103 un num\u0103r de tichet, iar prin e-mail, la adresa&nbsp;<a href=\"mailto:suport.ceas@casan.ro\">suport.ceas@casan.ro<\/a>, se dau informa\u0163iile privind cardul blocat.<\/p>\n\n\n\n<p><strong>Cum ob\u0163inem un nou card de s\u0103n\u0103tate?<\/strong><\/p>\n\n\n\n<p>Asigura\u0163ii care au primit carduri na\u0163ionale de asigur\u0103ri sociale de s\u0103n\u0103tate cu date personale eronate, sau au pierdut\/distrus acest document, vor solicita eliberarea unui nou card la casa de asigur\u0103ri de s\u0103n\u0103tate \u00een eviden\u0163a c\u0103reia se afl\u0103.<\/p>\n\n\n\n<p>Asigura\u0163ii vor primi cu titlu gratuit noul card de s\u0103n\u0103tate \u00een situa\u0163ia \u00een care cardul con\u0163ine date eronate.<\/p>\n\n\n\n<p>Asigura\u0163ii vor pl\u0103ti contravaloarea serviciilor de produc\u0163ie \u015fi distribuire prin po\u015ft\u0103 a noului card, \u00een cazul pierderii\/distrugerii cardului ini\u0163ial, respectiv suma de 15,50 Ron.<\/p>\n\n\n\n<p>Plata se va face la sediul casei de asigur\u0103ri \u00een eviden\u0163a c\u0103reia se afl\u0103 asiguratul.<\/p>\n\n\n\n<p><strong>Adeverin\u0163a de \u00eenlocuire a cardului de s\u0103n\u0103tate<\/strong><\/p>\n\n\n\n<p>\u00cen cazul solicit\u0103rii unui nou card de s\u0103n\u0103tate, p\u00e2n\u0103 la primirea acestuia, asiguratul va beneficia de servicii medicale \u00een sistemul asigur\u0103rilor sociale de s\u0103n\u0103tate \u00een baza unei adeverin\u0163e de \u00eenlocuire a cardului de s\u0103n\u0103tate.<\/p>\n\n\n\n<p>De asemenea, pentru asigura\u0163ii care refuz\u0103 primirea cardului de s\u0103n\u0103tate din motive religioase sau de con\u015ftiin\u0163\u0103, \u00een baza unei cereri \u00een care se expun motivele refuzului, casa de asigur\u0103ri de s\u0103n\u0103tate va elibera adeverin\u0163a de \u00eenlocuire a cardului de s\u0103n\u0103tate.<\/p>\n\n\n\n<p>Adeverin\u0163a este valabil\u0103 trei luni de la eliberare.<\/p>\n\n\n\n<p><strong>C\u00e2nd va deveni obligatoriu cardul na\u0163ional de s\u0103n\u0103tate?<\/strong><\/p>\n\n\n\n<p>P\u00e2n\u0103 la data de 30 aprilie 2015, sistemul cardului de s\u0103n\u0103tate va func\u0163iona \u00een paralel cu actualul sistem de validare a serviciilor medicale. \u00cencep\u00e2nd cu data de 1 mai 2015, cardul na\u0163ional de s\u0103n\u0103tate va deveni unicul sistem de validare \u015fi decontare a serviciilor medicale \u00een sistemul asigur\u0103rilor sociale de s\u0103n\u0103tate.<\/p>\n","protected":false},"excerpt":{"rendered":"<p>Ce este cardul na\u0163ional de s\u0103n\u0103tate? Cardul de s\u0103n\u0103tate CEAS este un proiect de interes na\u0163ional care are ca scop principal transparentizarea \u015fi eficientizarea fondurilor utilizate \u00een sistemul de asigur\u0103ri sociale de s\u0103n\u0103tate. Cardul na\u0163ional de s\u0103n\u0103tate este codul de acces pentru toate sistemele informatice ale CNAS. El va deveni instrumentul de confirmare a prest\u0103rii [&hellip;]<\/p>\n","protected":false},"author":2,"featured_media":0,"parent":0,"menu_order":0,"comment_status":"closed","ping_status":"closed","template":"","meta":{"_lmt_disableupdate":"","_lmt_disable":"","footnotes":""},"class_list":["post-4024","page","type-page","status-publish","hentry"],"blocksy_meta":{"styles_descriptor":{"styles":{"desktop":"","tablet":"","mobile":""},"google_fonts":[],"version":6}},"featured_image_src":null,"jetpack_sharing_enabled":true,"_links":{"self":[{"href":"https:\/\/spital-obregia.ro\/arhiva\/wp-json\/wp\/v2\/pages\/4024","targetHints":{"allow":["GET"]}}],"collection":[{"href":"https:\/\/spital-obregia.ro\/arhiva\/wp-json\/wp\/v2\/pages"}],"about":[{"href":"https:\/\/spital-obregia.ro\/arhiva\/wp-json\/wp\/v2\/types\/page"}],"author":[{"embeddable":true,"href":"https:\/\/spital-obregia.ro\/arhiva\/wp-json\/wp\/v2\/users\/2"}],"replies":[{"embeddable":true,"href":"https:\/\/spital-obregia.ro\/arhiva\/wp-json\/wp\/v2\/comments?post=4024"}],"version-history":[{"count":0,"href":"https:\/\/spital-obregia.ro\/arhiva\/wp-json\/wp\/v2\/pages\/4024\/revisions"}],"wp:attachment":[{"href":"https:\/\/spital-obregia.ro\/arhiva\/wp-json\/wp\/v2\/media?parent=4024"}],"curies":[{"name":"wp","href":"https:\/\/api.w.org\/{rel}","templated":true}]}}