{"id":3776,"date":"2021-11-19T10:40:29","date_gmt":"2021-11-19T08:40:29","guid":{"rendered":"https:\/\/spital-obregia.ro\/?page_id=3776"},"modified":"2024-04-11T11:14:56","modified_gmt":"2024-04-11T08:14:56","slug":"cariera","status":"publish","type":"page","link":"https:\/\/spital-obregia.ro\/arhiva\/cariera\/","title":{"rendered":"Carier\u0103 profesional\u0103"},"content":{"rendered":"\n<hr class=\"wp-block-separator has-alpha-channel-opacity is-style-wide\"\/>\n\n\n\n<ul class=\"wp-block-list\">\n<li><a href=\"https:\/\/spital-obregia.ro\/arhiva\/wp-content\/uploads\/2024\/03\/Anunt-infirmieri-si-ingrijitori.pdf\" target=\"_blank\" rel=\"noreferrer noopener nofollow\"><strong>ANUNT CONCURS OCUPARE POSTURI VACANTE INFIRMIERI SI INGRIJITORI<\/strong><\/a>\n<ul class=\"wp-block-list\">\n<li><a href=\"https:\/\/spital-obregia.ro\/arhiva\/wp-content\/uploads\/2024\/03\/TEMATICA-SI-BIBLIOGRAFIE-CONCURS-OCUPARE-POSTURI-VACANTE-INFIRMIERA-SI-INGRIJITOARE.pdf\" target=\"_blank\" rel=\"noreferrer noopener nofollow\">TEMATIC\u0102 \u015eI BIBLIOGRAFIE CONCURS OCUPARE POSTURI VACANTE INFIRMIER\u0102 SI \u00ceNGRIJITOARE<\/a><\/li>\n\n\n\n<li><a href=\"https:\/\/spital-obregia.ro\/arhiva\/wp-content\/uploads\/2024\/03\/ATRIBUTII-INFIRMIERA.pdf\" target=\"_blank\" rel=\"noreferrer noopener nofollow\">ATRIBU\u021aII INFIRMIER\u0102<\/a><\/li>\n\n\n\n<li><a href=\"https:\/\/spital-obregia.ro\/arhiva\/wp-content\/uploads\/2024\/03\/ATRIBUTII-INGRIJITOARE.pdf\" target=\"_blank\" rel=\"noreferrer noopener nofollow\">ATRIBU\u021aII \u00ceNGRIJITOARE<\/a><\/li>\n\n\n\n<li><a href=\"https:\/\/spital-obregia.ro\/arhiva\/wp-content\/uploads\/2024\/03\/ERATA-ANUNT-CONCURS-INFIRMIERE-SI-INGRIJITOARE-.pdf\" target=\"_blank\" rel=\"noreferrer noopener nofollow\">ERATA ANUNT CONCURS INFIRMIERE SI INGRIJITOARE<\/a><\/li>\n\n\n\n<li><a href=\"https:\/\/spital-obregia.ro\/arhiva\/wp-content\/uploads\/2024\/04\/CENTRALIZATOR-SELECTIE-DOSARE-INGRIJITOARE.pdf\" target=\"_blank\" rel=\"noreferrer noopener nofollow\">CENTRALIZATOR SELECTIE DOSARE INGRIJITOARE<\/a><\/li>\n\n\n\n<li><a href=\"https:\/\/spital-obregia.ro\/arhiva\/wp-content\/uploads\/2024\/04\/4.-CENTRALIZATOR-SELECTIE-DOSARE-INFIRMIERA-DEBUTANTA-SI-INFIRMIERA.pdf\" target=\"_blank\" rel=\"noreferrer noopener nofollow\">CENTRALIZATOR SELECTIE DOSARE INFIRMIERA DEBUTANTA SI INFIRMIERA<\/a><\/li>\n\n\n\n<li><a href=\"https:\/\/spital-obregia.ro\/arhiva\/wp-content\/uploads\/2024\/04\/CENTRALIZATOR-CONCURS-PROBA-SCRISA-INGRIJITOARE.pdf\" target=\"_blank\" rel=\"noreferrer noopener nofollow\">CENTRALIZATOR CONCURS PROBA SCRISA INGRIJITOARE<\/a><\/li>\n\n\n\n<li><a href=\"https:\/\/spital-obregia.ro\/arhiva\/wp-content\/uploads\/2024\/04\/CENTRALIZATOR-CONCURS-PROBA-SCRISA-INFIRMIERA-DEBUTANTA-SI-INFIRMIERA.pdf\" target=\"_blank\" rel=\"noreferrer noopener nofollow\">CENTRALIZATOR CONCURS PROBA SCRISA INFIRMIERA DEBUTANTA SI INFIRMIERA<\/a><\/li>\n\n\n\n<li><a href=\"https:\/\/spital-obregia.ro\/arhiva\/wp-content\/uploads\/2024\/04\/CENTRALIZATOR-PROBA-INTERVIU-INGRIJITOARE.pdf\" target=\"_blank\" rel=\"noreferrer noopener nofollow\"><strong>CENTRALIZATOR PROBA INTERVIU INGRIJITOARE<\/strong><\/a><\/li>\n\n\n\n<li><a href=\"https:\/\/spital-obregia.ro\/arhiva\/wp-content\/uploads\/2024\/04\/16.1.-CENTRALIZATOR-CONCURS-PROBA-INTERVIU-INFIRMIERA-DEBUTANTA-SI-INFIRMIERA.pdf\" target=\"_blank\" rel=\"noreferrer noopener nofollow\"><strong>CENTRALIZATOR CONCURS PROBA INTERVIU INFIRMIERA DEBUTANTA SI INFIRMIERA<\/strong><\/a><\/li>\n<\/ul>\n<\/li>\n<\/ul>\n\n\n\n<hr class=\"wp-block-separator has-alpha-channel-opacity is-style-wide\"\/>\n\n\n\n<ul class=\"wp-block-list\">\n<li><a href=\"https:\/\/spital-obregia.ro\/arhiva\/wp-content\/uploads\/2024\/02\/ANUNT-CONCURS-OCUPARE-FUNCTIE-MEDIC-SEF-LABORATOR-ANALIZE-MEDICALE.pdf\" target=\"_blank\" rel=\"noreferrer noopener nofollow\"><strong>ANUNT CONCURS OCUPARE FUNC\u021aIE MEDIC \u0218EF LABORATOR ANALIZE MEDICALE<\/strong><\/a>\n<ul class=\"wp-block-list\">\n<li><a href=\"https:\/\/spital-obregia.ro\/arhiva\/wp-content\/uploads\/2024\/03\/CENTRALIZATOR-SELECTIE-DOSARE-MEDIC-SEF-LANORATOR-ANALIZE-MEDICALE.pdf\" target=\"_blank\" rel=\"noreferrer noopener nofollow\">CENTRALIZATOR SELECTIE DOSARE MEDIC SEF LABORATOR ANALIZE MEDICALE<\/a><\/li>\n\n\n\n<li><a href=\"https:\/\/spital-obregia.ro\/arhiva\/wp-content\/uploads\/2024\/03\/CENTRALIZATOR-REZULTATE-PROBA-INTERVIU-PREZENTARE-PROIECT-MANAGEMENT-CONCURS-OCUPARE-POST-MEDIC-SEF-LABORATOR-ANALIZE-MEDICALE-.pdf\" target=\"_blank\" rel=\"noreferrer noopener nofollow\">CENTRALIZATOR REZULTATE PROBA INTERVIU &#8211; PREZENTARE PROIECT MANAGEMENT CONCURS OCUPARE POST MEDIC SEF LABORATOR ANALIZE MEDICALE<\/a><\/li>\n\n\n\n<li><a href=\"https:\/\/spital-obregia.ro\/arhiva\/wp-content\/uploads\/2024\/03\/CENTRALIZATOR-REZULTATE-FINALE-CONCURS-OCUPARE-POST-MEDIC-SEF-LABORATOR-ANALIZE-MEDICALE.pdf\" target=\"_blank\" rel=\"noreferrer noopener nofollow\"><strong>CENTRALIZATOR REZULTATE FINALE CONCURS OCUPARE POST MEDIC SEF LABORATOR ANALIZE MEDICALE<\/strong><\/a><\/li>\n<\/ul>\n<\/li>\n<\/ul>\n\n\n\n<hr class=\"wp-block-separator has-alpha-channel-opacity is-style-wide\"\/>\n\n\n\n<ul class=\"wp-block-list\">\n<li><a href=\"https:\/\/spital-obregia.ro\/arhiva\/wp-content\/uploads\/2024\/02\/ANUNT-OCUPARE-POSTURI-VACANTE-ASISTENT-MEDICAL-GENERALIST-NR.-3642-din-01.02.2024.pdf\" target=\"_blank\" rel=\"noreferrer noopener nofollow\"><strong>ANUNT OCUPARE POSTURI VACANTE ASISTENT MEDICAL GENERALIST NR. 3642 din 01.02.2024<\/strong><\/a>\n<ul class=\"wp-block-list\">\n<li><a href=\"https:\/\/spital-obregia.ro\/arhiva\/wp-content\/uploads\/2024\/02\/TEMATICA-SI-BIBLIOGRAFIE-CONCURS-OCUPARE-POSTURI-VACANTE-ASISTENT-MEDICAL-GENERALIST.pdf\" target=\"_blank\" rel=\"noreferrer noopener nofollow\">TEMATIC\u0102 \u015eI BIBLIOGRAFIE CONCURS OCUPARE POSTURI VACANTE ASISTENT MEDICAL GENERALIST<\/a><\/li>\n\n\n\n<li><a href=\"https:\/\/spital-obregia.ro\/arhiva\/wp-content\/uploads\/2024\/02\/Centralizator-selectie-dosare-asistenti-OrtopedieTraumatologie.pdf\" target=\"_blank\" rel=\"noreferrer noopener nofollow\">Centralizator selectie dosare asistenti Ortopedie&amp;Traumatologie<\/a><\/li>\n\n\n\n<li><a href=\"https:\/\/spital-obregia.ro\/arhiva\/wp-content\/uploads\/2024\/02\/Centralizator-selectie-dosare-asistenti.pdf\" target=\"_blank\" rel=\"noreferrer noopener nofollow\">Centralizator selectie dosare asistenti<\/a><\/li>\n\n\n\n<li><a href=\"https:\/\/spital-obregia.ro\/arhiva\/wp-content\/uploads\/2024\/02\/CENTRALIZATOR-REZULTATE-PROBA-SCRISA-CONCURS-OCUPARE-POST-ASISTENTI-MEDICALI-GENERALISTI.pdf\" target=\"_blank\" rel=\"noreferrer noopener nofollow\">CENTRALIZATOR REZULTATE PROBA SCRISA CONCURS OCUPARE POST ASISTENTI MEDICALI GENERALISTI<\/a><\/li>\n\n\n\n<li><a href=\"https:\/\/spital-obregia.ro\/arhiva\/wp-content\/uploads\/2024\/02\/CENTRALIZATOR-REZULTATE-PROBA-SCRISA-CONCURS-OCUPARE-POST-ASISTENT-MEDICAL-GENERALIST-CABINET-ORTOPEDIE-AMBULATORIU-INTEGRAT.pdf\" target=\"_blank\" rel=\"noreferrer noopener nofollow\">CENTRALIZATOR REZULTATE PROBA SCRISA CONCURS OCUPARE POST ASISTENT MEDICAL GENERALIST CABINET ORTOPEDIE -AMBULATORIU INTEGRAT<\/a><\/li>\n\n\n\n<li><a href=\"https:\/\/spital-obregia.ro\/arhiva\/wp-content\/uploads\/2024\/03\/CENTRALIZATOR-REZULTATE-PROBA-INTERVIU-CONCURS-OCUPARE-POST-ASISTENT-MEDICAL-GENERALIST-CABINET-ORTOPEDIE-AMBULATORIU-INTEGRAT.pdf\" target=\"_blank\" rel=\"noreferrer noopener nofollow\">CENTRALIZATOR REZULTATE PROBA INTERVIU CONCURS OCUPARE POST ASISTENT MEDICAL GENERALIST CABINET ORTOPEDIE -AMBULATORIU INTEGRAT<\/a><\/li>\n\n\n\n<li><a href=\"https:\/\/spital-obregia.ro\/arhiva\/wp-content\/uploads\/2024\/03\/CENTRALIZATOR-REZULTATE-PROBA-SCRISA-CONCURS-OCUPARE-POST-ASISTENTI-MEDICALI-GENERALISTI.pdf\" target=\"_blank\" rel=\"noreferrer noopener nofollow\">CENTRALIZATOR REZULTATE PROBA SCRISA CONCURS OCUPARE POST ASISTENTI MEDICALI GENERALISTI<\/a><\/li>\n\n\n\n<li><a href=\"https:\/\/spital-obregia.ro\/arhiva\/wp-content\/uploads\/2024\/03\/Centralizator-rezultat-contestatie-interviu-asistenti-medicali.pdf\">CENTRALIZATOR REZULTAT CONTESTATIE INTERVIU ASISTENTI MEDICALI<\/a><\/li>\n\n\n\n<li><a href=\"https:\/\/spital-obregia.ro\/arhiva\/wp-content\/uploads\/2024\/03\/CENTRALIZATOR-REZULTATE-FINALE-CONCURS-OCUPARE-POST-ASISTENTI-MEDICALI-GENERALISTI-.pdf\" target=\"_blank\" rel=\"noreferrer noopener nofollow\">CENTRALIZATOR REZULTATE FINALE CONCURS OCUPARE POST ASISTENTI MEDICALI GENERALISTI<\/a><\/li>\n\n\n\n<li><a href=\"https:\/\/spital-obregia.ro\/arhiva\/wp-content\/uploads\/2024\/03\/CENTRALIZATOR-REZULTATE-FINALE-CONCURS-OCUPARE-POST-ASISTENT-MEDICAL-GENERALIST-CABINET-ORTOPEDIE-TRAUMATOLOGIE-AMBULATORIU-INT.pdf\" target=\"_blank\" rel=\"noreferrer noopener nofollow\">CENTRALIZATOR REZULTATE FINALE CONCURS OCUPARE POST ASISTENT MEDICAL GENERALIST CABINET ORTOPEDIE TRAUMATOLOGIE &#8211; AMBULATORIU INTEGRAT<\/a><\/li>\n<\/ul>\n<\/li>\n<\/ul>\n\n\n\n<hr class=\"wp-block-separator has-alpha-channel-opacity is-style-wide\"\/>\n\n\n\n<ul class=\"wp-block-list\">\n<li><a href=\"https:\/\/spital-obregia.ro\/arhiva\/wp-content\/uploads\/2024\/02\/ANUNT-OCUPARE-POSTURI-VACANTE-INFIRMIERA-SI-INGRIJITOARE-NR.-3451-din-31.01.2024.pdf\" target=\"_blank\" rel=\"noreferrer noopener nofollow\"><strong>ANUNT OCUPARE POSTURI VACANTE INFIRMIER\u0102 SI \u00ceNGRIJITOARE NR. 3451 din 31.01.2024<\/strong><\/a>\n<ul class=\"wp-block-list\">\n<li><a href=\"https:\/\/spital-obregia.ro\/arhiva\/wp-content\/uploads\/2024\/02\/TEMATICA-SI-BIBLIOGRAFIE-CONCURS-OCUPARE-POSTURI-VACANTE-INFIRMIERA-SI-INGRIJITOARE.pdf\" target=\"_blank\" rel=\"noreferrer noopener nofollow\">TEMATIC\u0102 \u015eI BIBLIOGRAFIE CONCURS OCUPARE POSTURI VACANTE INFIRMIER\u0102 SI \u00ceNGRIJITOARE<\/a><\/li>\n\n\n\n<li><a href=\"https:\/\/spital-obregia.ro\/arhiva\/wp-content\/uploads\/2024\/02\/CENTRALIZATOR-CU-REZULTATELE-SELECTIEI-DOSARELOR-DEPUSE-PENTRU-POSTURILE-DE-INGRIJITOR.pdf\" target=\"_blank\" rel=\"noreferrer noopener nofollow\">CENTRALIZATOR &nbsp;CU REZULTATELE SELECTIEI DOSARELOR PENTRU POSTURILE DE INGRIJITOR<\/a><\/li>\n\n\n\n<li><a href=\"https:\/\/spital-obregia.ro\/arhiva\/wp-content\/uploads\/2024\/02\/CENTRALIZATOR-CU-REZULTATUL-SELECTIEI-DOSARELOR-DEPUSE-PENTRU-POSTURILE-DE-INFIRMIERA.pdf\" target=\"_blank\" rel=\"noreferrer noopener nofollow\">CENTRALIZATOR CU REZULTATUL SELECTIEI DOSARELOR DEPUSE PENTRU POSTURILE DE INFIRMIERA<\/a><\/li>\n\n\n\n<li><a href=\"https:\/\/spital-obregia.ro\/arhiva\/wp-content\/uploads\/2024\/02\/CENTRALIZATOR-REZULTATE-PROBA-SCRISA-CONCURS-OCUPARE-POSTURI-VACANTE-INFIRMIERA.pdf\" target=\"_blank\" rel=\"noreferrer noopener nofollow\">CENTRALIZATOR REZULTATE PROBA SCRISA CONCURS OCUPARE POSTURI VACANTE INFIRMIERA<\/a><\/li>\n\n\n\n<li><a href=\"https:\/\/spital-obregia.ro\/arhiva\/wp-content\/uploads\/2024\/02\/Centralizator-proba-scrisa-ingrijitori.pdf\" target=\"_blank\" rel=\"noreferrer noopener nofollow\">CENTRALIZATOR REZULTATE PROBA SCRISA CONCURS OCUPARE POSTURI VACANTE INGRIJITOARE<\/a><\/li>\n\n\n\n<li><a href=\"https:\/\/spital-obregia.ro\/arhiva\/wp-content\/uploads\/2024\/03\/CENTRALIZATOR-cu-REZULTATELE-PROBEI-INTERVIU-la-CONCURSUL-ORGANIZAT-PENTRU-POSTUL-DE-INFIRMIERA.pdf\" target=\"_blank\" rel=\"noreferrer noopener\">CENTRALIZATOR cu REZULTATELE PROBEI INTERVIU la CONCURSUL ORGANIZAT PENTRU POSTUL DE INFIRMIERA<\/a><\/li>\n\n\n\n<li><a href=\"https:\/\/spital-obregia.ro\/arhiva\/wp-content\/uploads\/2024\/03\/CENTRALIZATOR-cu-REZULTATELE-PROBEI-INTERVIU-la-CONCURSUL-ORGANIZAT-PENTRU-POSTUL-DE-INGRIJITOARE.pdf\">CENTRALIZATOR cu REZULTATELE PROBEI INTERVIU la CONCURSUL ORGANIZAT PENTRU POSTUL DE INGRIJITOARE<\/a><\/li>\n\n\n\n<li><a href=\"https:\/\/spital-obregia.ro\/arhiva\/wp-content\/uploads\/2024\/03\/CENTRALIZATOR-CU-REZULTATE-FINALE-CONCURS-INGRIJITOR.pdf\" target=\"_blank\" rel=\"noreferrer noopener nofollow\">CENTRALIZATOR CU REZULTATE FINALE CONCURS INGRIJITOR<\/a><\/li>\n\n\n\n<li><a href=\"https:\/\/spital-obregia.ro\/arhiva\/wp-content\/uploads\/2024\/03\/CENTRALIZATOR-CU-REZULTATE-FINALE-CONCURS-INFIRMIERA.pdf\" target=\"_blank\" rel=\"noreferrer noopener nofollow\">CENTRALIZATOR CU REZULTATE FINALE CONCURS INFIRMIERA<\/a><\/li>\n<\/ul>\n<\/li>\n<\/ul>\n\n\n\n<hr class=\"wp-block-separator has-alpha-channel-opacity is-style-wide\"\/>\n\n\n\n<h4 class=\"wp-block-heading\" id=\"arhiva-cariera-profesionala\"><strong><a href=\"https:\/\/spital-obregia.ro\/arhiva\/arhiva-cariera\/\" rel=\"nofollow\">Arhiv\u0103 &#8211; Carier\u0103 profesional\u0103<\/a><\/strong><\/h4>\n","protected":false},"excerpt":{"rendered":"<p>Arhiv\u0103 &#8211; Carier\u0103 profesional\u0103<\/p>\n","protected":false},"author":2,"featured_media":0,"parent":0,"menu_order":0,"comment_status":"closed","ping_status":"closed","template":"","meta":{"_lmt_disableupdate":"yes","_lmt_disable":"no","footnotes":""},"class_list":["post-3776","page","type-page","status-publish","hentry"],"blocksy_meta":{"styles_descriptor":{"styles":{"desktop":"","tablet":"","mobile":""},"google_fonts":[],"version":6}},"featured_image_src":null,"jetpack_sharing_enabled":true,"_links":{"self":[{"href":"https:\/\/spital-obregia.ro\/arhiva\/wp-json\/wp\/v2\/pages\/3776","targetHints":{"allow":["GET"]}}],"collection":[{"href":"https:\/\/spital-obregia.ro\/arhiva\/wp-json\/wp\/v2\/pages"}],"about":[{"href":"https:\/\/spital-obregia.ro\/arhiva\/wp-json\/wp\/v2\/types\/page"}],"author":[{"embeddable":true,"href":"https:\/\/spital-obregia.ro\/arhiva\/wp-json\/wp\/v2\/users\/2"}],"replies":[{"embeddable":true,"href":"https:\/\/spital-obregia.ro\/arhiva\/wp-json\/wp\/v2\/comments?post=3776"}],"version-history":[{"count":1,"href":"https:\/\/spital-obregia.ro\/arhiva\/wp-json\/wp\/v2\/pages\/3776\/revisions"}],"predecessor-version":[{"id":6868,"href":"https:\/\/spital-obregia.ro\/arhiva\/wp-json\/wp\/v2\/pages\/3776\/revisions\/6868"}],"wp:attachment":[{"href":"https:\/\/spital-obregia.ro\/arhiva\/wp-json\/wp\/v2\/media?parent=3776"}],"curies":[{"name":"wp","href":"https:\/\/api.w.org\/{rel}","templated":true}]}}